{"id":32,"date":"2019-07-24T09:57:31","date_gmt":"2019-07-24T07:57:31","guid":{"rendered":"http:\/\/ecrin-de-miramar.com\/?page_id=32"},"modified":"2024-02-27T10:08:36","modified_gmt":"2024-02-27T09:08:36","slug":"lappartement","status":"publish","type":"page","link":"https:\/\/ecrin-de-miramar.com\/index.php\/lappartement\/","title":{"rendered":"L&#8217;appartement"},"content":{"rendered":"\n<p>situation de l&#8217;appartement :   <\/p>\n\n\n\n<p>Situ\u00e9 face \u00e0 la plage de Miramar dans le quartier r\u00e9sidentiel de La Baie Des Iles en bord de mer \u00e0 La Londe Les Maures entre Hy\u00e8res et Le Lavandou \u00e0 40 minutes de Sanary \u00e0 l\u2019ouest et de Saint-Tropez \u00e0 l\u2019est, votre petit \u00e9crin vous attend pour passer des vacances dor\u00e9es.<br> L\u2019acc\u00e8s est direct \u00e0 la plage par les jardins sans route \u00e0 traverser.<br> Les commerces \u00e0 proximit\u00e9 au sein du complexe&nbsp; r\u00e9sidentiel: boulangerie, alimentation en libre service, laverie , cin\u00e9ma, restaurants&#8230;<\/p>\n\n\n\n<p>Vue c\u00f4t\u00e9 terrasse face \u00e0 la mer m\u00e9diterran\u00e9e:<\/p>\n\n\n\n<figure class=\"wp-block-image\"><img loading=\"lazy\" decoding=\"async\" width=\"1024\" height=\"576\" src=\"http:\/\/ecrin-de-miramar.com\/wp-content\/uploads\/2019\/08\/20190808_132706_HDR-1024x576.jpg\" alt=\"\" class=\"wp-image-75\" srcset=\"https:\/\/ecrin-de-miramar.com\/wp-content\/uploads\/2019\/08\/20190808_132706_HDR-1024x576.jpg 1024w, https:\/\/ecrin-de-miramar.com\/wp-content\/uploads\/2019\/08\/20190808_132706_HDR-300x169.jpg 300w, https:\/\/ecrin-de-miramar.com\/wp-content\/uploads\/2019\/08\/20190808_132706_HDR-768x432.jpg 768w, https:\/\/ecrin-de-miramar.com\/wp-content\/uploads\/2019\/08\/20190808_132706_HDR-1568x882.jpg 1568w\" sizes=\"auto, (max-width: 1024px) 100vw, 1024px\" \/><\/figure>\n\n\n\n<p>Vue sur le massif des Maures c\u00f4t\u00e9 chambre et entr\u00e9e:<\/p>\n\n\n\n<figure class=\"wp-block-image\"><img loading=\"lazy\" decoding=\"async\" width=\"1024\" height=\"768\" src=\"http:\/\/ecrin-de-miramar.com\/wp-content\/uploads\/2020\/06\/vue-ext-arri\u00e8re-nuit-1024x768.jpg\" alt=\"\" class=\"wp-image-240\" srcset=\"https:\/\/ecrin-de-miramar.com\/wp-content\/uploads\/2020\/06\/vue-ext-arri\u00e8re-nuit-1024x768.jpg 1024w, https:\/\/ecrin-de-miramar.com\/wp-content\/uploads\/2020\/06\/vue-ext-arri\u00e8re-nuit-300x225.jpg 300w, https:\/\/ecrin-de-miramar.com\/wp-content\/uploads\/2020\/06\/vue-ext-arri\u00e8re-nuit-768x576.jpg 768w, https:\/\/ecrin-de-miramar.com\/wp-content\/uploads\/2020\/06\/vue-ext-arri\u00e8re-nuit-1568x1176.jpg 1568w\" sizes=\"auto, (max-width: 1024px) 100vw, 1024px\" \/><\/figure>\n\n\n\n<p>Vue de la mezzanine sur le massif des Maures \u00e9galement:<\/p>\n\n\n\n<figure class=\"wp-block-image\"><img loading=\"lazy\" decoding=\"async\" width=\"1024\" height=\"583\" src=\"http:\/\/ecrin-de-miramar.com\/wp-content\/uploads\/2020\/06\/vue-ext-arri\u00e8re-1024x583.jpg\" alt=\"\" class=\"wp-image-241\" srcset=\"https:\/\/ecrin-de-miramar.com\/wp-content\/uploads\/2020\/06\/vue-ext-arri\u00e8re-1024x583.jpg 1024w, https:\/\/ecrin-de-miramar.com\/wp-content\/uploads\/2020\/06\/vue-ext-arri\u00e8re-300x171.jpg 300w, https:\/\/ecrin-de-miramar.com\/wp-content\/uploads\/2020\/06\/vue-ext-arri\u00e8re-768x437.jpg 768w, https:\/\/ecrin-de-miramar.com\/wp-content\/uploads\/2020\/06\/vue-ext-arri\u00e8re-1568x892.jpg 1568w\" sizes=\"auto, (max-width: 1024px) 100vw, 1024px\" \/><\/figure>\n\n\n\n<p>Description de l&#8217;appartement:<\/p>\n\n\n\n<p>Cet appartement a \u00e9t\u00e9 con\u00e7u dans le respect des normes en vigueur en 1990 et ne b\u00e9n\u00e9ficie pas des am\u00e9nagements exig\u00e9s par la norme PMR.  Bien vouloir nous contacter via le formulaire pour plus de renseignement au sujet des normes.<\/p>\n\n\n\n<p>Dot\u00e9 d&#8217;un s\u00e9jour salon coin cuisine tr\u00e8s lumineux donnant sur la terrasse et la mer M\u00e9diterran\u00e9e , l&#8217;appartement a une capacit\u00e9 maximum th\u00e9orique de 6 personnes mais il est lou\u00e9 pour 4 personnes.<\/p>\n\n\n\n<figure class=\"wp-block-image\"><img loading=\"lazy\" decoding=\"async\" width=\"1024\" height=\"576\" src=\"http:\/\/ecrin-de-miramar.com\/wp-content\/uploads\/2019\/08\/20190808_133634-1024x576.jpg\" alt=\"\" class=\"wp-image-80\" srcset=\"https:\/\/ecrin-de-miramar.com\/wp-content\/uploads\/2019\/08\/20190808_133634-1024x576.jpg 1024w, https:\/\/ecrin-de-miramar.com\/wp-content\/uploads\/2019\/08\/20190808_133634-300x169.jpg 300w, https:\/\/ecrin-de-miramar.com\/wp-content\/uploads\/2019\/08\/20190808_133634-768x432.jpg 768w, https:\/\/ecrin-de-miramar.com\/wp-content\/uploads\/2019\/08\/20190808_133634-1568x882.jpg 1568w\" sizes=\"auto, (max-width: 1024px) 100vw, 1024px\" \/><\/figure>\n\n\n\n<p><br><\/p>\n\n\n\n<p> <\/p>\n\n\n\n<figure class=\"wp-block-image\"><img loading=\"lazy\" decoding=\"async\" width=\"576\" height=\"1024\" src=\"http:\/\/ecrin-de-miramar.com\/wp-content\/uploads\/2019\/08\/20190808_144043-e1566045421385-576x1024.jpg\" alt=\"\" class=\"wp-image-84\" srcset=\"https:\/\/ecrin-de-miramar.com\/wp-content\/uploads\/2019\/08\/20190808_144043-e1566045421385-576x1024.jpg 576w, https:\/\/ecrin-de-miramar.com\/wp-content\/uploads\/2019\/08\/20190808_144043-e1566045421385-169x300.jpg 169w, https:\/\/ecrin-de-miramar.com\/wp-content\/uploads\/2019\/08\/20190808_144043-e1566045421385-768x1365.jpg 768w, https:\/\/ecrin-de-miramar.com\/wp-content\/uploads\/2019\/08\/20190808_144043-e1566045421385-1568x2788.jpg 1568w\" sizes=\"auto, (max-width: 576px) 100vw, 576px\" \/><\/figure>\n\n\n\n<p>Couchage: 1 chambre avec 1 lit de 140,1 chambre cabine avec 2 lits superpos\u00e9s de 90 et 2 couchages individuels d\u2019appoint en mezzanine.<\/p>\n\n\n\n<figure class=\"wp-block-image\"><img loading=\"lazy\" decoding=\"async\" width=\"576\" height=\"1024\" src=\"http:\/\/ecrin-de-miramar.com\/wp-content\/uploads\/2019\/08\/20190808_134154-e1566045360418-576x1024.jpg\" alt=\"\" class=\"wp-image-81\" srcset=\"https:\/\/ecrin-de-miramar.com\/wp-content\/uploads\/2019\/08\/20190808_134154-e1566045360418-576x1024.jpg 576w, https:\/\/ecrin-de-miramar.com\/wp-content\/uploads\/2019\/08\/20190808_134154-e1566045360418-169x300.jpg 169w, https:\/\/ecrin-de-miramar.com\/wp-content\/uploads\/2019\/08\/20190808_134154-e1566045360418-768x1365.jpg 768w, https:\/\/ecrin-de-miramar.com\/wp-content\/uploads\/2019\/08\/20190808_134154-e1566045360418-1568x2788.jpg 1568w\" sizes=\"auto, (max-width: 576px) 100vw, 576px\" \/><\/figure>\n\n\n\n<p><br> Salle de bains avec douche, toilettes s\u00e9par\u00e9es.<\/p>\n\n\n\n<figure class=\"wp-block-image\"><img loading=\"lazy\" decoding=\"async\" width=\"1024\" height=\"576\" src=\"http:\/\/ecrin-de-miramar.com\/wp-content\/uploads\/2019\/08\/20190808_135416-1024x576.jpg\" alt=\"\" class=\"wp-image-82\" srcset=\"https:\/\/ecrin-de-miramar.com\/wp-content\/uploads\/2019\/08\/20190808_135416-1024x576.jpg 1024w, https:\/\/ecrin-de-miramar.com\/wp-content\/uploads\/2019\/08\/20190808_135416-300x169.jpg 300w, https:\/\/ecrin-de-miramar.com\/wp-content\/uploads\/2019\/08\/20190808_135416-768x432.jpg 768w, https:\/\/ecrin-de-miramar.com\/wp-content\/uploads\/2019\/08\/20190808_135416-1568x882.jpg 1568w\" sizes=\"auto, (max-width: 1024px) 100vw, 1024px\" \/><\/figure>\n\n\n\n<figure class=\"wp-block-gallery columns-2 is-cropped wp-block-gallery-1 is-layout-flex wp-block-gallery-is-layout-flex\"><ul class=\"blocks-gallery-grid\"><li class=\"blocks-gallery-item\"><figure><img loading=\"lazy\" decoding=\"async\" width=\"576\" height=\"1024\" src=\"http:\/\/ecrin-de-miramar.com\/wp-content\/uploads\/2019\/09\/20190808_133954-576x1024.jpg\" alt=\"\" data-id=\"160\" data-link=\"http:\/\/ecrin-de-miramar.com\/20190808_133954\/\" class=\"wp-image-160\" srcset=\"https:\/\/ecrin-de-miramar.com\/wp-content\/uploads\/2019\/09\/20190808_133954-576x1024.jpg 576w, https:\/\/ecrin-de-miramar.com\/wp-content\/uploads\/2019\/09\/20190808_133954-169x300.jpg 169w, https:\/\/ecrin-de-miramar.com\/wp-content\/uploads\/2019\/09\/20190808_133954-768x1366.jpg 768w, https:\/\/ecrin-de-miramar.com\/wp-content\/uploads\/2019\/09\/20190808_133954.jpg 1037w\" sizes=\"auto, (max-width: 576px) 100vw, 576px\" \/><\/figure><\/li><li class=\"blocks-gallery-item\"><figure><img loading=\"lazy\" decoding=\"async\" width=\"576\" height=\"1024\" src=\"http:\/\/ecrin-de-miramar.com\/wp-content\/uploads\/2019\/09\/20190808_134019-576x1024.jpg\" alt=\"\" data-id=\"161\" data-link=\"http:\/\/ecrin-de-miramar.com\/20190808_134019\/\" class=\"wp-image-161\" srcset=\"https:\/\/ecrin-de-miramar.com\/wp-content\/uploads\/2019\/09\/20190808_134019-576x1024.jpg 576w, https:\/\/ecrin-de-miramar.com\/wp-content\/uploads\/2019\/09\/20190808_134019-169x300.jpg 169w, https:\/\/ecrin-de-miramar.com\/wp-content\/uploads\/2019\/09\/20190808_134019-768x1366.jpg 768w, https:\/\/ecrin-de-miramar.com\/wp-content\/uploads\/2019\/09\/20190808_134019.jpg 1037w\" sizes=\"auto, (max-width: 576px) 100vw, 576px\" \/><\/figure><\/li><\/ul><\/figure>\n\n\n\n<p><br><\/p>\n\n\n\n<p>Cuisine \u00e9quip\u00e9e, four multifonction, table de cuisson \u00e0 induction, lave-vaisselle&#8230;<\/p>\n\n\n\n<figure class=\"wp-block-image\"><img loading=\"lazy\" decoding=\"async\" width=\"576\" height=\"1024\" src=\"http:\/\/ecrin-de-miramar.com\/wp-content\/uploads\/2019\/08\/20190808_132104-e1566045517301-576x1024.jpg\" alt=\"\" class=\"wp-image-71\" srcset=\"https:\/\/ecrin-de-miramar.com\/wp-content\/uploads\/2019\/08\/20190808_132104-e1566045517301-576x1024.jpg 576w, https:\/\/ecrin-de-miramar.com\/wp-content\/uploads\/2019\/08\/20190808_132104-e1566045517301-169x300.jpg 169w, https:\/\/ecrin-de-miramar.com\/wp-content\/uploads\/2019\/08\/20190808_132104-e1566045517301-768x1365.jpg 768w, https:\/\/ecrin-de-miramar.com\/wp-content\/uploads\/2019\/08\/20190808_132104-e1566045517301-1568x2788.jpg 1568w\" sizes=\"auto, (max-width: 576px) 100vw, 576px\" \/><\/figure>\n\n\n\n<figure class=\"wp-block-image\"><img loading=\"lazy\" decoding=\"async\" width=\"1024\" height=\"576\" src=\"http:\/\/ecrin-de-miramar.com\/wp-content\/uploads\/2019\/08\/20190808_131931-1024x576.jpg\" alt=\"\" class=\"wp-image-70\" srcset=\"https:\/\/ecrin-de-miramar.com\/wp-content\/uploads\/2019\/08\/20190808_131931-1024x576.jpg 1024w, https:\/\/ecrin-de-miramar.com\/wp-content\/uploads\/2019\/08\/20190808_131931-300x169.jpg 300w, https:\/\/ecrin-de-miramar.com\/wp-content\/uploads\/2019\/08\/20190808_131931-768x432.jpg 768w, https:\/\/ecrin-de-miramar.com\/wp-content\/uploads\/2019\/08\/20190808_131931-1568x882.jpg 1568w\" sizes=\"auto, (max-width: 1024px) 100vw, 1024px\" \/><\/figure>\n\n\n\n<figure class=\"wp-block-image\"><img loading=\"lazy\" decoding=\"async\" width=\"1024\" height=\"576\" src=\"http:\/\/ecrin-de-miramar.com\/wp-content\/uploads\/2019\/09\/20190808_132112-1024x576.jpg\" alt=\"\" class=\"wp-image-172\" srcset=\"https:\/\/ecrin-de-miramar.com\/wp-content\/uploads\/2019\/09\/20190808_132112-1024x576.jpg 1024w, https:\/\/ecrin-de-miramar.com\/wp-content\/uploads\/2019\/09\/20190808_132112-300x169.jpg 300w, https:\/\/ecrin-de-miramar.com\/wp-content\/uploads\/2019\/09\/20190808_132112-768x432.jpg 768w, https:\/\/ecrin-de-miramar.com\/wp-content\/uploads\/2019\/09\/20190808_132112-1568x882.jpg 1568w, https:\/\/ecrin-de-miramar.com\/wp-content\/uploads\/2019\/09\/20190808_132112.jpg 1844w\" sizes=\"auto, (max-width: 1024px) 100vw, 1024px\" \/><figcaption>four multifonction, r\u00e9frig\u00e9rateur, lave-vaisselle, table induction, cafeti\u00e8re Nespresso&#8230;<\/figcaption><\/figure>\n\n\n\n<p><br> Terrasse de 8 m2 donnant sur une grande baie vitr\u00e9e du salon, expos\u00e9e sud avec vue sur mer.<\/p>\n\n\n\n<figure class=\"wp-block-image\"><img loading=\"lazy\" decoding=\"async\" width=\"1024\" height=\"576\" src=\"http:\/\/ecrin-de-miramar.com\/wp-content\/uploads\/2019\/09\/20190808_134828-1024x576.jpg\" alt=\"\" class=\"wp-image-191\" srcset=\"https:\/\/ecrin-de-miramar.com\/wp-content\/uploads\/2019\/09\/20190808_134828-1024x576.jpg 1024w, https:\/\/ecrin-de-miramar.com\/wp-content\/uploads\/2019\/09\/20190808_134828-300x169.jpg 300w, https:\/\/ecrin-de-miramar.com\/wp-content\/uploads\/2019\/09\/20190808_134828-768x432.jpg 768w, https:\/\/ecrin-de-miramar.com\/wp-content\/uploads\/2019\/09\/20190808_134828-1568x882.jpg 1568w, https:\/\/ecrin-de-miramar.com\/wp-content\/uploads\/2019\/09\/20190808_134828.jpg 1844w\" sizes=\"auto, (max-width: 1024px) 100vw, 1024px\" \/><\/figure>\n\n\n\n<p><br> Appartement de 42 m2 traversant et tr\u00e8s lumineux compl\u00e9t\u00e9 d\u2019une mezzanine de 8 m2.<br> Place de parking pour 1 voiture et 1 moto au pied de l\u2019appartement.<\/p>\n\n\n\n\n\n<p><br> A moins de 100 m tr\u00e8s grande et belle plage de sable fin surveill\u00e9e. A 300m joli petit port de plaisance avec ses animations, ses boutiques, ses restaurants. Tous sports nautiques: plong\u00e9e, ski nautique, moto nautisme, voile&#8230;<br> Plusieurs d\u00e9parts tous les jours pour la visite des \u00eeles.<br> Pistes cyclables et sentiers du littoral \u00e0 proximit\u00e9.<br><br><\/p>\n","protected":false},"excerpt":{"rendered":"<p>situation de l&#8217;appartement : Situ\u00e9 face \u00e0 la plage de Miramar dans le quartier r\u00e9sidentiel de La Baie Des Iles en bord de mer \u00e0 La Londe Les Maures entre Hy\u00e8res et Le Lavandou \u00e0 40 minutes de Sanary \u00e0 l\u2019ouest et de Saint-Tropez \u00e0 l\u2019est, votre petit \u00e9crin vous attend pour passer des vacances [&hellip;]<\/p>\n","protected":false},"author":1,"featured_media":0,"parent":0,"menu_order":0,"comment_status":"closed","ping_status":"closed","template":"","meta":{"footnotes":""},"class_list":["post-32","page","type-page","status-publish","hentry","entry"],"_links":{"self":[{"href":"https:\/\/ecrin-de-miramar.com\/index.php\/wp-json\/wp\/v2\/pages\/32","targetHints":{"allow":["GET"]}}],"collection":[{"href":"https:\/\/ecrin-de-miramar.com\/index.php\/wp-json\/wp\/v2\/pages"}],"about":[{"href":"https:\/\/ecrin-de-miramar.com\/index.php\/wp-json\/wp\/v2\/types\/page"}],"author":[{"embeddable":true,"href":"https:\/\/ecrin-de-miramar.com\/index.php\/wp-json\/wp\/v2\/users\/1"}],"replies":[{"embeddable":true,"href":"https:\/\/ecrin-de-miramar.com\/index.php\/wp-json\/wp\/v2\/comments?post=32"}],"version-history":[{"count":10,"href":"https:\/\/ecrin-de-miramar.com\/index.php\/wp-json\/wp\/v2\/pages\/32\/revisions"}],"predecessor-version":[{"id":246,"href":"https:\/\/ecrin-de-miramar.com\/index.php\/wp-json\/wp\/v2\/pages\/32\/revisions\/246"}],"wp:attachment":[{"href":"https:\/\/ecrin-de-miramar.com\/index.php\/wp-json\/wp\/v2\/media?parent=32"}],"curies":[{"name":"wp","href":"https:\/\/api.w.org\/{rel}","templated":true}]}}